{"id":353,"date":"2025-12-14T23:32:00","date_gmt":"2025-12-14T22:32:00","guid":{"rendered":"https:\/\/dev.ensemblehaar.de\/?page_id=353"},"modified":"2025-12-16T15:37:44","modified_gmt":"2025-12-16T14:37:44","slug":"spndenkonto","status":"publish","type":"page","link":"https:\/\/dev.ensemblehaar.de\/?page_id=353","title":{"rendered":"Spendenkonto"},"content":{"rendered":"\n<p>Ohne finanzielle Unterst\u00fctzung k\u00f6nnte ein Orchester wie das Ensemble Haar nicht existieren. Daher sind wir unseren F\u00f6rderern, Sponsoren und Spendern sehr dankbar.<\/p>\n\n\n\n<p>Sie k\u00f6nnen uns unterst\u00fctzen, indem Sie unsere Konzerte besuchen und Freunde und Bekannte darauf ansprechen. Dar\u00fcber hinaus k\u00f6nnen Sie das durch eine einmalige oder regelm\u00e4\u00dfige Spende an das unten angegeben Konto tun, f\u00fcr die wir Ihnen gerne eine steuerlich wirksame Spendenbescheinigung ausstellen. Auch k\u00f6nnen Sie eine Anzeige in unserem Jahresprogramm ver\u00f6ffentlichen.<\/p>\n\n\n\n<p>Ensemble Haar e.V.<br>Kreissparkasse M\u00fcnchen-Starnberg-Ebersberg<br>IBAN: DE31702501500420344723<br>BIC: BYLADEM1KMS<br><br>Wir sind durch die Bescheinigung des Finanzamtes M\u00fcnchen vom 30.04.2024, Steuer-<br>nummer 143\/213\/70285, wegen F\u00f6rderung von Kunst und Kultur als gemeinn\u00fctzigen<br>Zwecken dienend anerkannt worden. Daher k\u00f6nnen wir steuerlich wirksame Spenden-<br>bescheinigungen ausstellen.<\/p>\n","protected":false},"excerpt":{"rendered":"<p>Ohne finanzielle Unterst\u00fctzung k\u00f6nnte ein Orchester wie das Ensemble Haar nicht existieren. Daher sind wir unseren F\u00f6rderern, Sponsoren und Spendern sehr dankbar. Sie k\u00f6nnen uns unterst\u00fctzen, indem Sie unsere Konzerte besuchen und Freunde und Bekannte darauf ansprechen. Dar\u00fcber hinaus k\u00f6nnen Sie das durch eine einmalige oder regelm\u00e4\u00dfige Spende an das unten angegeben Konto tun, f\u00fcr [&hellip;]<\/p>\n","protected":false},"author":2,"featured_media":328,"parent":0,"menu_order":0,"comment_status":"closed","ping_status":"closed","template":"","meta":{"footnotes":""},"class_list":["post-353","page","type-page","status-publish","has-post-thumbnail","hentry"],"_links":{"self":[{"href":"https:\/\/dev.ensemblehaar.de\/index.php?rest_route=\/wp\/v2\/pages\/353","targetHints":{"allow":["GET"]}}],"collection":[{"href":"https:\/\/dev.ensemblehaar.de\/index.php?rest_route=\/wp\/v2\/pages"}],"about":[{"href":"https:\/\/dev.ensemblehaar.de\/index.php?rest_route=\/wp\/v2\/types\/page"}],"author":[{"embeddable":true,"href":"https:\/\/dev.ensemblehaar.de\/index.php?rest_route=\/wp\/v2\/users\/2"}],"replies":[{"embeddable":true,"href":"https:\/\/dev.ensemblehaar.de\/index.php?rest_route=%2Fwp%2Fv2%2Fcomments&post=353"}],"version-history":[{"count":5,"href":"https:\/\/dev.ensemblehaar.de\/index.php?rest_route=\/wp\/v2\/pages\/353\/revisions"}],"predecessor-version":[{"id":378,"href":"https:\/\/dev.ensemblehaar.de\/index.php?rest_route=\/wp\/v2\/pages\/353\/revisions\/378"}],"wp:featuredmedia":[{"embeddable":true,"href":"https:\/\/dev.ensemblehaar.de\/index.php?rest_route=\/wp\/v2\/media\/328"}],"wp:attachment":[{"href":"https:\/\/dev.ensemblehaar.de\/index.php?rest_route=%2Fwp%2Fv2%2Fmedia&parent=353"}],"curies":[{"name":"wp","href":"https:\/\/api.w.org\/{rel}","templated":true}]}}